Suppose -26*q + 27*q - 3*r - d = 0, -4*q + 2 = 3*r. Calculate the highest common factor of q and 36.
2
Let i(k) = -4 - 5 + 23 - 5 - 7 - 20*k. Let n be i(-5). Calculate the greatest common factor of 238 and n.
34
Let b be (-6)/((-2)/(-3) + (-4)/12). Let l = b - 65. Let u = 86 + l. Calculate the highest common factor of 48 and u.
3
Let a(h) = 12*h**3 + 32*h**2 - h - 1. Let s be a(-5). Let n = s + 776. Calculate the greatest common divisor of 128 and n.
16
Let f be 40/(-70) - 591240/(-84). What is the highest common divisor of f and 18?
18
Suppose -374*f + 192*f = -1743014. Calculate the greatest common divisor of 183 and f.
61
Suppose -3*c = -g + 23 - 11, g = -2*c + 7. Suppose -2*x = -o - 51, -8*o = -4*x - 3*o + 99. Let q = x + 1. What is the greatest common divisor of g and q?
9
Let v be (31/93)/(2/(-1338)). Let h = 234 + v. Calculate the greatest common divisor of 33 and h.
11
Let u(o) = -11*o + 38. Let z(y) = 5*y - 19. Suppose 14 = -2*k + 6. Let j(c) = k*u(c) - 9*z(c). Let h be j(-14). What is the greatest common divisor of h and 33?
33
Let i = 24086 + -24026. Calculate the greatest common divisor of 15270 and i.
30
Suppose 3*f = -1420 + 5284 + 876. Calculate the highest common divisor of 120 and f.
20
Suppose 2340 = 5*w + 5*d, 49*w + 5*d + 2310 = 54*w. What is the highest common divisor of w and 6?
3
Let q(m) = 22*m**3 - 128*m**2 + 7*m + 3. Let t be q(6). What is the greatest common factor of t and 84?
21
Let n = 10563 - 10519. What is the highest common factor of 5764 and n?
44
Suppose 33*a - 2052 = -5*a. What is the highest common factor of a and 1539?
27
Suppose 4*h + 23*v - 20*v = 5060, 2530 = 2*h - 5*v. Calculate the highest common divisor of 230 and h.
115
Let r(s) = 4*s**3 + 127*s**2 - 32*s + 114. Let v be r(-32). What is the highest common factor of 2337 and v?
57
Suppose d + a = 9, 2*a + 2*a = -2*d + 18. Suppose d*f = -819 + 3420. Calculate the highest common factor of f and 17.
17
Suppose -a = 2*m - 10, 5*m - 14 = -a - a. What is the highest common divisor of a and 2486?
22
Let w be (-224)/(-28) + (6 - 8). Calculate the highest common divisor of 4146 and w.
6
Let z = 53 + -59. Let v be 48 + (-2 - -1)*z/6. What is the highest common factor of v and 441?
49
Let r be -1 + 134 + (48/20)/((-249)/830). Let v(y) = y**3 + 6*y**2 - 3*y + 6. Let w be v(4). Let g = w + -104. Calculate the highest common factor of r and g.
25
Suppose -5*z = -0*z - 20. Let p be (-213)/142 + (-62)/(-36) + (-25)/(-9). What is the highest common divisor of z and p?
1
Suppose -100 = -5*l + 5*k, 3*l + 2*l + 3*k = 108. Suppose 26 = -t + 21. Let f be 6 - 3/(-8 - t). What is the highest common divisor of f and l?
7
Let l = -664 + 735. Let d be (-1 - 10/6)/(l/(-852)). What is the greatest common divisor of 16 and d?
16
Let j(l) = -l**3 - 9*l**2 + 9. Let y = 396 - 405. Let x be j(y). Calculate the greatest common divisor of 144 and x.
9
Let d be 15/8 + 20/160. Suppose 0 = m - q - d, -5*q = m - 26 + 6. Suppose m*j - 29 - 31 = 0. What is the highest common factor of j and 12?
12
Let g be (-4)/(1 + 1 + -4). Suppose -585 = -7*n + g*n. What is the greatest common divisor of 39 and n?
39
Let j = -8943 + 8955. What is the greatest common factor of 21 and j?
3
Suppose -50*b + 1477 + 1573 = 0. Suppose 2*z = 0, -b*z + 60*z - 3780 = -3*u. Calculate the greatest common divisor of u and 12.
12
Let m = 20 + -8. Let a = m - 8. Suppose 15 - 295 = -10*t. Calculate the highest common divisor of t and a.
4
Let t be (-6 - -8)/(1/4*-2). Let x be (-10)/t - 0 - (-11)/22. Suppose 3*o = o + 4*k + 60, o - 32 = x*k. Calculate the highest common divisor of 234 and o.
26
Let w(u) = u**3 - 4*u**2 - 8*u - 6. Let x(o) = 18*o - 8. Let q be x(3). Let c = q + -40. Let k be w(c). What is the highest common factor of 2 and k?
2
Let v = -14528 - -14529. What is the highest common divisor of 1319 and v?
1
Let f be 1170/780*(-3)/((-9)/464). What is the highest common divisor of f and 16?
8
Let a(o) = -10 + 10 - 29 - 2*o. Let i be a(-17). Suppose -4*n + 10 + 10 = 0. Calculate the highest common divisor of n and i.
5
Let x(l) = l**3 + 11*l**2 + 11*l + 14. Let j be x(-10). Suppose 2*d - 3*n = 99, 5*n - 159 = -j*d - 16. Calculate the highest common factor of d and 18.
6
Let w(i) = 76*i**2 - 60*i + 207. Let g be w(3). Calculate the highest common divisor of g and 9.
9
Suppose 5*f - 593 - 572 = 0. Let k = f + -97. Let t = -72 - -106. What is the highest common divisor of k and t?
34
Suppose 320*b + 66185 = 475*b. What is the greatest common divisor of b and 7?
7
Suppose 4*q + 2*l - 6 = 0, -8 = l - 7. Suppose -q*d + 1237 = -4*c + 139, -552 = -d + c. What is the highest common factor of 74 and d?
37
Let h(n) = 4*n**2 - 62*n - 888. Let b be h(-16). What is the greatest common factor of b and 1551?
141
Suppose 3*m - 1443 = -0*m. Let j = 36965 - 36926. Calculate the greatest common factor of j and m.
13
Let v be 9370/22 - (-2)/22. Let g = v + -174. Calculate the greatest common factor of g and 36.
36
Let v be (-44 + 0)/(-7 - (-7 - -2)). Suppose -v*d - 49 + 489 = 0. Calculate the highest common factor of d and 30.
10
Let b(v) be the third derivative of v**6/120 + 7*v**5/30 + 7*v**4/24 + v**3/6 - 22*v**2. Let p be b(-9). Calculate the greatest common factor of 49 and p.
49
Suppose -2*y + 60 = 5*b, -21 - 41 = -2*y - 4*b. What is the greatest common factor of 250 and y?
5
Suppose 10171 + 39829 = 128*v + 72*v. Suppose 6*r - 773 + 173 = 0. What is the greatest common factor of v and r?
50
Let y = -32370 - -48280. Calculate the greatest common factor of 74 and y.
74
Let c be (111/(-6) + 3)/((-14)/(-28)). Let l(h) = -11*h + 50. Let n be l(c). What is the highest common factor of n and 46?
23
Let t be 3 + -1 + 4 + (-19)/(-1). Suppose 0 = 52*f - t*f - 11934. What is the highest common factor of 52 and f?
26
Let g(a) = -4*a + 11. Let c be g(2). Let r be 1872/52*(126/4)/c. Calculate the greatest common factor of r and 54.
54
Let c(y) = -3*y + 6 - y + 2*y. Let t be c(1). What is the greatest common factor of 152 and t?
4
Let k(r) be the first derivative of -40*r**2 + 100*r + 17. Let c be k(-3). Calculate the highest common divisor of c and 34.
34
Let t = -2761 - -2837. Calculate the highest common factor of t and 1634.
38
Suppose -13 = -5*u + 2*h - h, 0 = u + 5*h - 13. Suppose -1 = -5*c - u*i, 0*c - 2*c - i + 1 = 0. Let t = 40 - c. What is the greatest common factor of t and 57?
19
Suppose 0 = 112*a - 135*a + 20769. Calculate the highest common factor of a and 42.
21
Let j = 204 + -172. Suppose 0 = -i - 2*i + 12. Suppose -w + i*w = 12. What is the highest common factor of w and j?
4
Let x be (-277)/5 - (-2)/5. Let j(f) = -f**3 - 19*f**2 - 22*f + 307. Let v be j(-17). Let g = v + x. Calculate the highest common divisor of 32 and g.
16
Suppose 0 = 10*c - 9*c - 4. Suppose -g + c + 1 = 0. Suppose -19 - 116 = -g*x. What is the greatest common divisor of 3 and x?
3
Suppose -5*d + 73 = j, -3*j + 9 = -0*j. Let c be 236 + (-6)/4 + -2 + (-22)/(-4). What is the highest common divisor of c and d?
14
Suppose 254*y - 249*y = 2*v + 667, -143 = -y - 2*v. Let u(x) = 3*x**2 + 4*x - 3. Let p be u(-6). Calculate the greatest common divisor of p and y.
27
Let m(q) = q**3 + 64*q**2 + 68*q + 369. Let o be m(-63). What is the highest common factor of 459 and o?
27
Let i(c) = c - 4. Let o be i(9). Suppose 6 - 6 = -o*j. Suppose p - 318 = 3*m, j*p - 2*p = -2*m - 628. Calculate the greatest common divisor of p and 39.
39
Let p(n) = n**3 + 3*n**2 + 7*n + 14. Let d be p(-3). Let q(w) = w**3 + 12*w**2 + 27*w - 6. Let o be q(d). What is the highest common factor of o and 100?
50
Let i = 24642 + -24635. Let q = 11 - 7. Suppose -2*o - 44 = -3*o + 4*z, o = -q*z + 12. What is the highest common divisor of i and o?
7
Let t be (0 + 41)/((-656)/224 - -3). What is the greatest common divisor of t and 49?
7
Let n(y) = -y**2 - 42*y - 27. Let o be n(-11). Let g = o + -226. Let i = 11 + 0. What is the highest common divisor of i and g?
11
Let u(l) = l**2 - 5*l - 31. Let j be u(-6). Let i be 15/35 - (-3905)/j. Let f be ((-4)/(-4))/(2/32). What is the highest common factor of i and f?
16
Suppose 13*p - 1351 - 5279 = 0. What is the greatest common factor of 306 and p?
102
Suppose -50*z - 4*v = -52*z + 2656, -5*v = -z + 1352. Calculate the greatest common divisor of 6888 and 